t common factor of 1632 and 170.
34
What is the highest common factor of 98 and 8183?
49
Calculate the greatest common factor of 1139 and 1037.
17
What is the highest common divisor of 48 and 1509?
3
What is the greatest common factor of 6 and 663?
3
What is the greatest common factor of 39 and 481?
13
Calculate the greatest common factor of 18 and 19566.
18
What is the highest common divisor of 930 and 15?
15
Calculate the greatest common divisor of 1904 and 154.
14
Calculate the greatest common factor of 27636 and 12.
12
Calculate the highest common factor of 112 and 3584.
112
What is the greatest common factor of 78 and 13026?
78
Calculate the greatest common factor of 280 and 208.
8
What is the greatest common factor of 120 and 56?
8
What is the greatest common factor of 25 and 400?
25
What is the greatest common divisor of 243 and 36?
9
What is the greatest common factor of 87 and 145?
29
What is the highest common factor of 80 and 20?
20
Calculate the highest common factor of 242 and 9922.
242
What is the greatest common divisor of 208 and 32?
16
Calculate the greatest common divisor of 18 and 72.
18
Calculate the highest common divisor of 48 and 1328.
16
Calculate the highest common factor of 21 and 42.
21
Calculate the greatest common divisor of 17933 and 454.
227
Calculate the highest common divisor of 196 and 182.
14
What is the highest common divisor of 672 and 40?
8
What is the greatest common divisor of 11603 and 328?
41
What is the greatest common divisor of 10 and 3430?
10
What is the highest common factor of 352 and 11?
11
What is the greatest common divisor of 468 and 10?
2
Calculate the highest common divisor of 957 and 87.
87
Calculate the greatest common divisor of 30 and 60.
30
What is the highest common factor of 164 and 76?
4
Calculate the highest common divisor of 440 and 286.
22
Calculate the highest common divisor of 20 and 550.
10
Calculate the highest common divisor of 2160 and 1680.
240
Calculate the greatest common factor of 107475 and 25.
25
Calculate the highest common divisor of 32 and 14.
2
Calculate the greatest common divisor of 246 and 2829.
123
Calculate the highest common factor of 10945 and 796.
199
Calculate the greatest common factor of 145 and 203.
29
Calculate the greatest common divisor of 1848 and 252.
84
What is the greatest common divisor of 44 and 3256?
44
Calculate the greatest common divisor of 385 and 70.
35
What is the highest common divisor of 86 and 62522?
86
Calculate the highest common divisor of 720 and 162.
18
What is the highest common factor of 1105 and 85?
85
Calculate the greatest common divisor of 6453 and 27.
27
What is the highest common divisor of 221 and 153?
17
What is the greatest common factor of 192 and 3684?
12
What is the highest common divisor of 5375 and 43?
43
Calculate the highest common divisor of 312 and 216.
24
Calculate the greatest common factor of 406 and 98.
14
Calculate the greatest common divisor of 18 and 900.
18
What is the greatest common divisor of 104 and 136?
8
Calculate the greatest common divisor of 30 and 320.
10
Calculate the greatest common divisor of 62 and 6758.
62
Calculate the greatest common divisor of 105 and 240.
15
Calculate the greatest common factor of 39840 and 160.
160
What is the highest common divisor of 6 and 82?
2
What is the highest common divisor of 612 and 18?
18
What is the highest common divisor of 3108 and 126?
42
Calculate the greatest common divisor of 22782 and 6.
6
What is the greatest common factor of 1562 and 66?
22
What is the highest common factor of 288 and 936?
72
What is the greatest common factor of 226 and 3616?
226
What is the highest common divisor of 20 and 40?
20
Calculate the highest common divisor of 5580 and 900.
180
What is the greatest common factor of 30 and 10?
10
What is the highest common factor of 24 and 3368?
8
Calculate the highest common factor of 874 and 46.
46
Calculate the highest common factor of 23 and 506.
23
What is the highest common factor of 102 and 136?
34
Calculate the greatest common factor of 34 and 782.
34
What is the greatest common divisor of 612 and 576?
36
What is the greatest common factor of 63 and 1098?
9
What is the greatest common factor of 51038 and 676?
338
What is the highest common factor of 99 and 11?
11
What is the highest common divisor of 8723 and 858?
143
Calculate the greatest common divisor of 15 and 2085.
15
What is the greatest common factor of 7 and 2177?
7
What is the highest common factor of 33 and 55?
11
Calculate the highest common factor of 5809 and 148.
37
What is the greatest common factor of 5611 and 181?
181
Calculate the highest common divisor of 82 and 1886.
82
Calculate the greatest common factor of 143 and 78.
13
What is the greatest common factor of 1079 and 13?
13
Calculate the greatest common divisor of 2813 and 145.
29
Calculate the highest common factor of 30 and 66.
6
Calculate the highest common factor of 651 and 63.
21
What is the highest common divisor of 1782 and 396?
198
What is the highest common divisor of 490 and 16170?
490
Calculate the greatest common factor of 4335 and 10.
5
Calculate the highest common factor of 3507 and 84.
21
What is the highest common divisor of 6 and 282?
6
Calculate the highest common divisor of 10 and 12.
2
What is the greatest common divisor of 497 and 923?
71
What is the greatest common factor of 72 and 198?
18
Calculate the highest common factor of 9120 and 96.
96
What is the highest common factor of 23868 and 54?
54
What is the greatest common divisor of 1778 and 14?
14
What is the greatest common divisor of 48 and 336?
48
Calculate the highest common divisor of 48 and 30.
6
What is the highest common divisor of 88 and 1952?
8
What is the highest common factor of 525 and 16065?
105
Calculate the greatest common factor of 44 and 5764.
44
Calculate the greatest common factor of 280 and 620.
20
Calculate the highest common divisor of 3 and 2.
1
What is the highest common divisor of 7370 and 110?
110
What is the highest common divisor of 21 and 1841?
7
Calculate the greatest common factor of 51 and 527.
17
What is the highest common divisor of 19206 and 198?
198
Calculate the greatest common factor of 110 and 176.
22
What is the highest common divisor of 2540 and 44?
4
What is the greatest common divisor of 42 and 24?
6
What is the highest common factor of 52 and 27352?
52
Calculate the highest common factor of 46 and 29003.
23
What is the greatest common divisor of 225 and 25?
25
Calculate the highest common factor of 1539 and 114.
57
What is the highest common factor of 518 and 148?
74
What is the greatest common divisor of 10712 and 104?
104
What is the highest common divisor of 102 and 255?
51
Calculate the greatest common divisor of 16 and 72.
8
What is the greatest common factor of 1008 and 42?
42
What is the highest common divisor of 4012 and 236?
236
What is the highest common factor of 5 and 243?
1
Calculate the greatest common factor of 42 and 96.
6
What is the greatest common factor of 71 and 25347?
71
What is the greatest common factor of 1680 and 384?
48
Calculate the greatest common factor of 16 and 400.
16
What is the greatest common divisor of 928 and 29?
29
Calculate the greatest common divisor of 817 and 387.
43
What is the highest common factor of 184 and 115?
23
Calculate the highest common divisor of 651 and 63.
21
What is the highest common divisor of 84880 and 80?
80
Calculate the greatest common factor of 5348 and 28.
28
Calculate the greatest common factor of 14 and 1596.
14
Calculate the highest common factor of 28 and 840.
28
Calculate the greatest common divisor of 110 and 374.
22
What is the greatest common divisor of 132 and 297?
33
Calculate the highest common factor of 2910 and 270.
30
What is the greatest common factor of 26 and 1053?
13
What is the highest common factor of 26442 and 26?
26
What is the greatest common divisor of 156 and 180?
12
What is the greatest common factor of 9310 and 570?
190
What is the greatest common factor of 783 and 27?
27
What is the greatest common divisor of 2244 and 264?
132
Calculate the highest common divisor of 382 and 8213.
191
What is the greatest common divisor of 50 and 5975?
25
Calculate the highest common factor of 4 and 116.
4